 17469 a multiple of 30?
False
Is 2390 even?
True
Does 43 divide 372?
False
Is 9 a factor of 2187?
True
Is 1224 a multiple of 76?
False
Does 69 divide 3388?
False
Does 12 divide 25904?
False
Does 63 divide 5250?
False
Is 11 a factor of 4334?
True
Does 21 divide 522?
False
Is 60 a factor of 1648?
False
Is 18 a factor of 37740?
False
Is 290 a multiple of 8?
False
Does 9 divide 121?
False
Is 5813 a multiple of 6?
False
Does 15 divide 6734?
False
Does 78 divide 76310?
False
Does 20 divide 24710?
False
Is 7 a factor of 1394?
False
Does 15 divide 511?
False
Does 3 divide 30670?
False
Is 518 a multiple of 52?
False
Does 27 divide 8478?
True
Is 1840 a multiple of 23?
True
Is 4182 a multiple of 34?
True
Is 33 a factor of 796?
False
Does 15 divide 114?
False
Is 20 a factor of 440?
True
Is 31 a factor of 403?
True
Does 11 divide 26774?
True
Is 98 a factor of 1005?
False
Is 64 a factor of 119?
False
Does 43 divide 2068?
False
Is 24492 a multiple of 6?
True
Is 199 a factor of 50347?
True
Does 35 divide 20475?
True
Is 25 a factor of 289?
False
Is 311 a multiple of 8?
False
Is 27927 a multiple of 261?
True
Does 17 divide 11033?
True
Is 20 a factor of 7980?
True
Is 19 a factor of 1968?
False
Is 123669 a multiple of 91?
True
Does 13 divide 1274?
True
Does 259 divide 20004?
False
Is 4 a factor of 520?
True
Is 13 a factor of 2769?
True
Is 1240 a multiple of 40?
True
Does 13 divide 430?
False
Does 7 divide 428?
False
Is 34 a factor of 1979?
False
Is 10 a factor of 1905?
False
Does 13 divide 845?
True
Is 16212 a multiple of 12?
True
Does 6 divide 9612?
True
Does 4 divide 1754?
False
Does 40 divide 139?
False
Is 18 a factor of 682?
False
Does 22 divide 437?
False
Does 102 divide 1341?
False
Is 116 a factor of 52401?
False
Is 413 a multiple of 2?
False
Is 1265 a multiple of 30?
False
Is 4767 a multiple of 8?
False
Does 83 divide 9545?
True
Does 102 divide 48014?
False
Is 1511 a multiple of 19?
False
Is 309 a multiple of 3?
True
Is 22512 a multiple of 41?
False
Is 9724 a multiple of 13?
True
Does 18 divide 10170?
True
Is 13 a factor of 38246?
True
Is 23 a factor of 7778?
False
Is 6167 a multiple of 4?
False
Does 9 divide 25329?
False
Is 55 a factor of 10230?
True
Does 10 divide 3290?
True
Is 14526 a multiple of 18?
True
Is 15283 a multiple of 29?
True
Is 1185 a multiple of 79?
True
Does 72 divide 720?
True
Is 7239 a multiple of 127?
True
Does 32 divide 48276?
False
Is 20097 a multiple of 21?
True
Is 210940 a multiple of 29?
False
Does 13 divide 210?
False
Is 21635 a multiple of 17?
False
Is 655 even?
False
Is 15111 a multiple of 247?
False
Is 13554 a multiple of 20?
False
Does 32 divide 1526?
False
Is 16 a factor of 8455?
False
Is 146 a factor of 6649?
False
Is 32 a factor of 558?
False
Is 19 a factor of 1309?
False
Is 67 a multiple of 6?
False
Is 73396 a multiple of 187?
False
Is 1003 a multiple of 59?
True
Is 2 a factor of 425?
False
Does 9 divide 72?
True
Is 143 a multiple of 4?
False
Is 33 a factor of 1353?
True
Is 9390 a multiple of 15?
True
Is 4802 a multiple of 18?
False
Is 27 a factor of 8100?
True
Is 22 a factor of 286?
True
Is 412 a multiple of 19?
False
Does 3 divide 1022?
False
Is 417 a multiple of 54?
False
Does 14 divide 1116?
False
Does 177 divide 4739?
False
Is 39 a factor of 1209?
True
Does 24 divide 1104?
True
Is 51 a factor of 25401?
False
Is 344 a multiple of 3?
False
Is 6 a factor of 928?
False
Is 100 a factor of 40449?
False
Is 119 a factor of 4054?
False
Is 96939 a multiple of 14?
False
Is 14 a factor of 1930?
False
Is 13 a factor of 2452?
False
Is 11948 a multiple of 206?
True
Is 4 a factor of 780?
True
Is 6812 a multiple of 3?
False
Is 1974 a multiple of 14?
True
Does 49 divide 25823?
True
Is 10 a factor of 364?
False
Does 2 divide 5567?
False
Is 69 a factor of 3657?
True
Is 7695 a multiple of 7?
False
Is 161113 a multiple of 30?
False
Is 45 a factor of 810?
True
Is 182 a multiple of 22?
False
Is 1123 a multiple of 11?
False
Is 11 a factor of 12727?
True
Is 1736 a multiple of 46?
False
Is 52 a factor of 9100?
True
Is 2277 a multiple of 4?
False
Is 34 a multiple of 25?
False
Does 11 divide 4103?
True
Does 19 divide 6859?
True
Does 95 divide 15675?
True
Is 11 a factor of 198?
True
Is 1885 a multiple of 13?
True
Does 51 divide 1143?
False
Does 15 divide 15546?
False
Does 14 divide 1890?
True
Is 1064 a multiple of 8?
True
Does 4 divide 2939?
False
Does 9 divide 2045?
False
Is 70 a factor of 3392?
False
Does 86 divide 3956?
True
Is 14994 a multiple of 119?
True
Does 183 divide 1064?
False
Does 5 divide 507?
False
Is 38 a factor of 3914?
True
Is 30 a factor of 2160?
True
Does 11 divide 5313?
True
Is 20007 a multiple of 35?
False
Does 54 divide 2268?
True
Is 126106 a multiple of 23?
False
Is 12023 a multiple of 10?
False
Does 4 divide 8588?
True
Is 5850 a multiple of 78?
True
Is 19 a factor of 5305?
False
Does 119 divide 10396?
False
Does 6 divide 11286?
True
Does 113 divide 2525?
False
Is 175 a factor of 4375?
True
Is 1810 a multiple of 103?
False
Does 29 divide 33437?
True
Is 5430 a multiple of 3?
True
Does 23 divide 874?
True
Is 18 a factor of 1080?
True
Is 10711 a multiple of 7?
False
Is 9 a factor of 302?
False
Does 12 divide 3413?
False
Is 37 a factor of 2109?
True
Is 883 a multiple of 10?
False
Does 33 divide 726?
True
Is 10 a factor of 4610?
True
Does 15 divide 5033?
False
Does 144 divide 14400?
True
Is 473 a multiple of 54?
False
Is 10627 a multiple of 13?
False
Is 17754 a multiple of 14?
False
Is 19614 a multiple of 10?
False
Is 338 a multiple of 5?
False
Is 1848 a multiple of 44?
True
Is 11 a factor of 282?
False
Is 4641 a multiple of 13?
True
Is 7495 a multiple of 26?
False
Does 26 divide 15669?
False
Does 73 divide 15914?
True
Does 14 divide 2548?
True
Is 65 a factor of 5597?
False
Does 23 divide 941?
False
Is 63504 a multiple of 63?
True
Does 73 divide 11769?
False
Does 24 divide 15451?
False
Does 15 divide 2916?
False
Is 5 a factor of 13315?
True
Does 13 divide 1911?
True
Does 71 divide 12419?
False
Does 25 divide 912?
False
Is 2275 a multiple of 65?
True
Does 45 divide 5272?
False
Is 10 a factor of 911?
False
Is 19 a factor of 1950?
False
Does 8 divide 24646?
False
Is 81 a factor of 114?
False
Is 2267 a multiple of 27?
False
Does 30 divide 12210?
True
Is 27 a factor of 2214?
True
Is 6233 a multiple of 4?
False
Does 333 divide 6591?
False
Is 499 a multiple of 85?
False
Does 32 divide 18308?
False
Is 3 a factor of 184?
False
Does 9 divide 1800?
True
Does 9 divide 913?
False
Is 23 a factor of 26?
False
Is 67 a factor of 38257?
True
Is 7 a factor of 5789?
True
Is 18504 a multiple of 72?
True
Is 5 a factor of 4600?
True
Is 8 a factor of 216?
True
Is 4540 a multiple of 24?
False
Does 20 divide 2513?
False
Does 24 divide 1272?
True
Is 5289 a multiple of 123?
True
Is 39 a factor of 5991?
False
Is 17 a factor of 93063?
False
Is 15 a multiple of 3?
True
Does 15 divide 405?
True
Is 154849 a multiple of 385?
False
Is 1193 a multiple of 9?
False
Does 36 divide 2448?
True
Is 45 a factor of 405?
True
Does 11 divide 28589?
True
Is 25 a factor of 67445?
False
Does 30 divide 886?
False
Does 22 divide 748?
True
Is 5740 a multiple of 70?
True
Is 18382 a multiple of 13?
True
Is 1758 a multiple of 6?
True
Is 343 a multiple of 10?
False
Is 4431 a multiple of 21?
True
Is 237 a factor of 63990?
True
Does 118 divide 11918?
True
Is 33 a factor of 42042?
True
Is 719 a multiple of 6?
False
Is 109 a factor of 80783?
False
Is 531 a multiple of 16?
False
Does 38 divide 18164?
True
Does 3 divide 27?
True
Is 13 a factor of 5325?
False
Does 172 divide 1204?
True
Is 22 a factor of 550?
True
Is 37 a factor of 6353?
False
Is 3 a factor of 3864?
True
Does 47 divide 1692?
True
Does 121 divide 4155?
False
Is 33 a factor of 609?
False
Is 4 a factor of 359?
False
Is 17 a factor of 40304?
False
Is 236 a multiple of 55?
False
Is 47052 a multiple of 18?
True
Does 6 divide 4495?
False
Does 37 divide 25933?
False
Is 109 a factor of 55154?
True
Is 10 a factor of 2370?
True
Does 5 divide 2873?
False
Does 58 divide 21054?
True
Is 8892 a multiple of 39?
True
Is 75 a factor of 6699?
False
Does 82 divide 39278?
True
Is 6 a factor of 726?
True
Does 8 divide 31594?
False
Is 6 a factor of 1986?
True
Is 852 a multiple of 13?
False
Is 13596 a multiple of 132?
True
Does 9 divide 1470?
Fa